*b + 27 = a. Let r(y) = 35*y + 8. Is r(q) a prime number?
False
Let m = -8 - 25. Let j be -1*171/m + 4/(-22). Suppose 0 = j*x - 5*h - 3040, -3*x + 1821 + 27 = 5*h. Is x a composite number?
True
Suppose 5*y + 19*p = 17*p - 270325, -5 = p. Let u = 82702 + y. Is u prime?
False
Let m = 305469 - 121156. Is m prime?
False
Let f(y) = 6174*y + 2693. Is f(24) a composite number?
False
Let m(f) be the first derivative of 3*f**2 + 299*f + 1. Suppose -45*k + 111 = 111. Is m(k) a composite number?
True
Let f(q) = 4*q**3 - 7*q**2 + 7*q - 25. Let l = -42 + 48. Is f(l) a prime number?
False
Suppose -2*w + 1056 = 2*w. Suppose -12*k = -7*k - 30, -3*p + 2*k = 366. Let f = p + w. Is f prime?
False
Suppose 10*w = -6*w + 115200. Suppose -t = -w - 6197. Is t composite?
False
Suppose 2*i - 10*i + 13776 = 0. Suppose 2*r + i = 8*r. Is r a composite number?
True
Let p(c) = 187*c**2 + 14*c + 6. Is p(5) composite?
False
Let m = -422 + 844. Is 5 - m/4*-12 composite?
True
Suppose 3*i + w - 40476 = 0, 5*i - 67453 = -w - 3*w. Suppose 4260 = -7*j + i. Is j a composite number?
False
Let y(a) = 11 - 21 - 3*a + 5*a + 13 + 64*a**2. Let w = 5 + -6. Is y(w) prime?
False
Is 408/680*178355/3 a composite number?
False
Let p = -163574 - -1259245. Is p prime?
True
Suppose -29*l - 23595331 = -69268968. Is l a composite number?
False
Is (1520957/5 - -2) + 458/(-1145) a composite number?
False
Suppose 3*w - 7 = -1. Suppose 3*t = -2*p + 6745, p + 6720 = 3*t - w*p. Is t a prime number?
False
Suppose 5*s + 4*d - 84165 = 0, 4*s - 67343 = -10*d + 9*d. Is s composite?
True
Suppose -11*v + 4*h = -14*v + 2220611, 2*v = h + 1480400. Is (-3 - (-87)/27) + v/99 a prime number?
True
Let h be 436289/4 - (-4 + (-51)/(-12)). Suppose 12*q - h + 26212 = 0. Is q prime?
False
Let f = 243 - 251. Is 8538/(-4)*((-56)/6 - f) composite?
True
Suppose 4*w + 2*d + 3820 = 0, -4*w - d = 2*d + 3820. Let x = -436 - w. Is x a composite number?
True
Let n(t) = 8*t**3 + 6*t**2 + 14*t - 12. Let r be n(10). Suppose -4*x + r = -3*a, 6*a + 4354 = 2*x + 7*a. Is x composite?
False
Is (((-69)/(-9) - 7)/2)/(1/45573) composite?
True
Let q be (-370)/22 + 30/(-165). Let o(m) = 12*m**2 + 42*m - 19. Is o(q) composite?
True
Let n(i) = -i**2 - 4*i - 1. Let q be n(-3). Suppose 0 = -5*f + 5*s + 4720, -q*s = -5*f - s + 4728. Suppose -4*h + 9*h = 3*p - f, h = -4*p + 1269. Is p prime?
True
Let z = -57972 + 197510. Is (z/28)/((-1)/(-2)) composite?
False
Let h = 257 - 762. Let v = 886 + h. Is v prime?
False
Suppose -2*g - 22 = -4*g. Let c(w) = -w**3 + 12*w**2 - 12*w + 9. Let z be c(g). Let b(s) = 121*s**2 - s + 1. Is b(z) a prime number?
True
Suppose 10*y = 16*y - 127366 - 185516. Is y composite?
False
Let o = 63 + -59. Suppose 2*j + 5*r - 12896 = 0, o*j - 3*j - 6433 = 5*r. Suppose 0*l - 2*l + 2594 = -3*y, 3*y - j = -5*l. Is l a composite number?
False
Let d(h) = 522*h + 351. Let o be d(13). Let w = 5758 + o. Is w a composite number?
True
Let w(z) be the first derivative of 110*z**3/3 - 3*z**2/2 - 34*z - 27. Is w(8) prime?
False
Suppose 0 = -2*i + 4*v + 7202, -3624*v + 3620*v - 17981 = -5*i. Is i a composite number?
False
Let x(r) = 3*r + 5. Let z be x(-2). Let q(m) = 9*m + 5. Let o be q(z). Is (583/1 - o) + -4 a prime number?
False
Let t = -9252 + 57401. Is t prime?
False
Suppose 49*k = 64*k - 45. Suppose k*l + 4*g - 21984 = 3*g, l - 7339 = -4*g. Is l composite?
True
Let v(k) = k**2 + k - 6. Let s be v(-6). Let h be -4*6/s*(-4 - 1). Is (-10)/4*(-2518)/h a composite number?
False
Let h(v) = 381*v - 176. Let u(a) = 76*a - 35. Let k(d) = -2*h(d) + 11*u(d). Suppose x - 3*r - 20 = 0, 55*r - 60*r - 28 = -x. Is k(x) prime?
False
Suppose g - 2*k = 210503, 414*g - 419*g - 4*k + 1052487 = 0. Is g a composite number?
False
Let t = -755 - -2666. Suppose -9*z + 3660 = -t. Suppose 3*r + 5*s = 1879 - 36, r + 4*s = z. Is r a composite number?
True
Suppose -5*z + 37 = 52. Let g be (-4 + 5)/(z*1/(-3)). Is ((-3)/g)/3*-2219 prime?
False
Let c(z) = 88*z**3 + 2*z**2 + 4*z + 8. Let a be c(5). Suppose r = 4*t + 43419 + a, 2*t = 10. Is r prime?
True
Suppose -h = 5*p - 262644, 5*h - 3*p - 358127 - 955289 = 0. Is h prime?
False
Let k(m) = -m**2 - 5*m + 69. Let q be k(6). Suppose -3*j - q*j + 45258 = 0. Is j prime?
False
Suppose 59*o - 62*o = 3*u - 33, u = -2*o + 16. Suppose -2*p + 794 + 3159 = f, -f = -3. Suppose u*m - p = m. Is m a composite number?
True
Let c(x) = -25*x - 11. Let k be c(-4). Let o = k + -61. Is (-8)/o + 0 + 597/7 a prime number?
False
Let v(a) = -15*a - 16*a**2 + 1 + 9*a - 6 - a**3 + 24*a**2. Is v(6) a composite number?
False
Let h(y) = 0 + 20*y**2 + 4*y - 4 - 6*y. Let u be h(4). Let i = u - -141. Is i a composite number?
False
Let q = 1318 - -1664. Let r(o) = -2*o**2 - 16*o + 13. Let s be r(12). Let l = q - s. Is l prime?
True
Let x = 1609 + -3943. Is 3 + 0 - x - 4 prime?
True
Let o = -297 + 297. Is (-3)/(-8) + o + (-4505)/(-40) a prime number?
True
Is (-601603)/(-5) - (-352)/(-220) a prime number?
True
Let m(x) = -53*x - 11. Let o be m(2). Let j = o - -111. Is j/(-36) + -203*62/(-12) composite?
False
Let s(b) = 2*b**2 - 11*b + 5. Let d be s(5). Suppose d*k - 21 = -k. Suppose -k*r = -22*r + 1895. Is r a prime number?
False
Let n = -38 + 32. Let k be 3 + (n/(-2) - 2). Let j(y) = 3*y**3 + 2*y**2 - 11*y + 5. Is j(k) a prime number?
False
Suppose 0 = 2*g - 2*v - 682, 5*v - v - 1364 = -4*g. Let o = 128 - g. Let l = -98 - o. Is l a prime number?
False
Let t be (-66)/(-176) + (-1853)/(-8). Suppose 0 = -2*d + 8*m - 3*m + 1111, -4 = 4*m. Let f = d + t. Is f a composite number?
True
Suppose -10 = 5*l, 2*j = -6*l + 2*l + 10. Suppose 23*c - j*c - 8834 = 0. Is c a prime number?
True
Let w(n) = -n**2 + 11*n + 154. Let g be w(19). Is (-147 + 3 + g)*5/(-10) a composite number?
False
Suppose 216*s - 46*s = -148*s + 80736702. Is s a composite number?
True
Let k = 512 - 509. Suppose 19991 - 4511 = k*h - 2*g, -5155 = -h - g. Is h composite?
True
Suppose -3*d = -6, 154*d = -2*q + 151*d + 2169452. Is q prime?
True
Suppose -4472637 = -248*a + 12267799 + 4474228. Is a a composite number?
True
Suppose -4*x + 4 = 0, -1 + 3 = 2*z - 4*x. Is (-41)/(-82)*29594/z*3 a composite number?
False
Suppose -17*l + 227425 = -263501. Suppose -4*y - 5*r + 6*r = -l, -y - 2*r + 7215 = 0. Is y composite?
False
Let g(v) = -v**2 - 8*v + 3. Let u be g(-8). Is (2/u*1823)/((-126)/(-189)) a composite number?
False
Let t(o) = o**3 - 7*o**2 + 12*o - 4. Let y be t(4). Let g be (y/12)/(5/(-47910)). Suppose -23*b = -21*b - g. Is b prime?
True
Let q(k) = 28*k**2 + 4*k + 24. Let c be q(15). Suppose -2*r + 3193 = y, -4*y = -2*y + 2*r - c. Is y prime?
True
Let x = -15674 + 37017. Is x a composite number?
True
Suppose 3*g = 12, -331497 = u - 2*u - 2*g. Is u prime?
True
Let q(z) be the second derivative of -3*z**5/20 - 5*z**4/6 + z**3/2 + 23*z**2/2 - z. Let o be (-5)/30 + -1 + (-210)/36. Is q(o) composite?
False
Let u(i) = 11*i**2 + 17*i - 9. Suppose 10*c - 159 = -789. Let s = c - -75. Is u(s) prime?
False
Suppose -6*t + 6*t = -5*t. Suppose -38*c - 48562 + 151960 = t. Is c prime?
False
Let j = -212 + 212. Suppose j = r - 105 - 64. Is r prime?
False
Let g be 0*4*2/(-8). Is (-1)/(-4) - (21187/(-4) + g) a composite number?
False
Let l(x) = 33440*x**3 + x**2 - 37*x + 39. Is l(1) composite?
True
Let l be (-18897)/18 - (2 + 33/(-18)). Let x = l - -1983. Is x a composite number?
True
Let v = -448568 - -816841. Is v prime?
True
Let k(h) = 87*h**2 - h - 27. Let z(w) = -19*w - 5. Let m be z(0). Is k(m) a prime number?
True
Let p(n) = -99*n + 23. Let m be p(-12). Suppose m + 619 = 5*i - 4*h, 5*h = -2*i + 765. Let a = i + -225. Is a prime?
False
Let b(l) = 71*l**3 + 13*l**2 + 3*l + 12. Let k be b(16). Suppose -17*d = -29*d + k. Is d composite?
False
Suppose -3*p - 2*p = -2*y - 3, 4*p - 18 = -y. Suppose y*k - 70 = k. Let c = 12 + k. Is c composite?
True
Suppose 4 = -l - 3*s, 0*s + 2*s = -4*l + 24. Let b be -1 - (-2 + -2 + l). Is 1*1168 - (b - -2) a composite number?
False
Let c(s) = -s**2 + 14*s + 3. Let a be c(8). Let k = 90 - a. Suppose -k*u + 34*u + 2795 = 0. Is u a prime number?
False
Suppose -35*i + 800722 = -4001068. Is i composite?
True
Let f(s) = 172*s**3 - 10*s**2 - 16*s + 149. Is f(6) a prime number?
False
Let f = 464 - 453. Suppose 20*w - 53271 = f*w. Is w composite?
True
Suppose 0 = -40*a + 441335 + 653105. I